f 42 and 2527?
7
Calculate the greatest common factor of 443652 and 132.
132
What is the greatest common factor of 1288 and 26082?
322
What is the highest common factor of 27 and 451764?
27
What is the highest common factor of 19975 and 188?
47
What is the highest common divisor of 8370 and 42005?
155
What is the greatest common factor of 56 and 6041?
7
Calculate the highest common divisor of 321 and 55105.
107
Calculate the highest common factor of 23 and 369403.
23
Calculate the highest common factor of 860 and 86516.
172
What is the greatest common factor of 13827 and 99?
33
What is the highest common factor of 580 and 262885?
145
What is the greatest common divisor of 40677 and 189?
21
Calculate the highest common divisor of 598 and 52949.
13
What is the highest common divisor of 131846 and 44?
22
What is the highest common divisor of 2224 and 12?
4
What is the greatest common divisor of 1596 and 324444?
228
Calculate the highest common divisor of 4102 and 11382.
14
What is the highest common divisor of 24476 and 116472?
844
Calculate the greatest common divisor of 22626 and 2095.
419
What is the highest common divisor of 9292 and 19343?
23
What is the greatest common divisor of 189 and 92631?
21
What is the highest common divisor of 70 and 66070?
10
What is the highest common factor of 545623 and 470?
47
What is the greatest common factor of 23655 and 6555?
285
Calculate the greatest common factor of 800 and 99600.
400
Calculate the greatest common divisor of 2710833 and 348.
87
What is the highest common factor of 62933 and 19552?
611
Calculate the highest common divisor of 35929 and 38.
19
Calculate the highest common divisor of 46512 and 15984.
144
What is the greatest common divisor of 688 and 16862192?
688
What is the highest common factor of 42 and 2240686?
14
What is the greatest common factor of 507 and 393?
3
What is the greatest common factor of 1330 and 6090?
70
What is the greatest common factor of 162 and 73710?
162
Calculate the highest common divisor of 1177 and 1408.
11
Calculate the highest common factor of 247833 and 45225.
1809
What is the greatest common divisor of 4242011 and 239?
239
What is the highest common factor of 505785 and 210?
105
What is the greatest common factor of 16405 and 459?
17
Calculate the highest common divisor of 31 and 16629950.
31
Calculate the greatest common factor of 282024 and 108.
36
What is the highest common divisor of 68 and 2634269?
17
What is the greatest common divisor of 13673 and 5311?
113
Calculate the greatest common divisor of 131 and 135192.
131
What is the greatest common factor of 49005 and 132?
33
Calculate the greatest common factor of 30335 and 10.
5
What is the highest common factor of 826 and 567462?
826
Calculate the greatest common divisor of 73456 and 16.
16
Calculate the greatest common divisor of 902 and 682.
22
What is the greatest common factor of 368088 and 98?
98
Calculate the greatest common divisor of 358 and 914869.
179
What is the highest common divisor of 357660 and 3420?
180
What is the highest common factor of 164 and 366335?
41
Calculate the highest common factor of 68 and 296.
4
What is the highest common factor of 15744 and 63888?
48
What is the greatest common factor of 151 and 6300173?
151
Calculate the highest common divisor of 153 and 7157.
17
What is the greatest common factor of 71001 and 5831?
343
What is the highest common factor of 37063 and 1625?
13
What is the greatest common divisor of 8455 and 18525?
95
Calculate the greatest common divisor of 681004 and 488.
244
What is the greatest common factor of 9 and 9257652?
9
What is the greatest common divisor of 593703 and 297?
297
Calculate the greatest common divisor of 194497 and 102.
17
Calculate the greatest common divisor of 69760 and 64.
64
What is the highest common factor of 243 and 112284?
9
What is the greatest common factor of 826052 and 1552?
388
What is the highest common factor of 4812 and 9?
3
What is the greatest common factor of 11500 and 2000?
500
What is the highest common divisor of 189 and 19926?
27
What is the greatest common divisor of 30 and 8470?
10
What is the greatest common divisor of 114378 and 462?
66
Calculate the greatest common divisor of 60 and 1070540.
20
What is the greatest common factor of 5952 and 28624?
16
What is the greatest common factor of 11484 and 6138?
198
What is the greatest common divisor of 3474 and 22388?
386
What is the greatest common divisor of 45140 and 78385?
305
Calculate the highest common divisor of 196 and 738332.
196
What is the greatest common factor of 146718 and 8008?
286
What is the highest common factor of 23963 and 124?
31
Calculate the highest common divisor of 9763 and 52.
13
Calculate the highest common divisor of 88 and 152834.
22
What is the highest common factor of 1141728 and 288?
96
Calculate the greatest common divisor of 14749 and 80605.
343
What is the highest common factor of 1152 and 9?
9
What is the greatest common factor of 319 and 199375?
319
Calculate the greatest common divisor of 390280 and 440.
440
Calculate the highest common divisor of 310066 and 1.
1
What is the greatest common divisor of 147 and 81893?
7
Calculate the greatest common factor of 13710 and 150.
30
What is the highest common factor of 124275 and 75?
75
Calculate the highest common factor of 3664 and 664558.
458
What is the greatest common factor of 8179990 and 178?
178
What is the highest common divisor of 38841 and 12045?
33
Calculate the highest common factor of 675 and 9945.
45
What is the greatest common factor of 58545 and 2205?
45
What is the greatest common divisor of 16232 and 16?
8
What is the highest common divisor of 443 and 1024?
1
Calculate the highest common factor of 1841 and 791.
7
Calculate the highest common divisor of 96 and 1532.
4
What is the greatest common divisor of 10189 and 3059?
23
Calculate the greatest common divisor of 475 and 141425.
25
Calculate the greatest common divisor of 44 and 16727546.
22
Calculate the highest common divisor of 5058 and 54.
18
Calculate the highest common factor of 488187 and 82.
41
What is the highest common divisor of 93 and 221433?
93
Calculate the highest common divisor of 687388 and 52.
52
What is the highest common divisor of 747264 and 33600?
1344
Calculate the highest common factor of 105 and 43008.
21
What is the greatest common factor of 22760 and 19360?
40
What is the greatest common factor of 122935 and 1035?
115
What is the greatest common factor of 14580 and 140?
20
Calculate the greatest common divisor of 50 and 676150.
50
What is the highest common divisor of 284 and 1876?
4
Calculate the highest common divisor of 3596 and 456460.
116
What is the highest common factor of 3172 and 239852?
244
What is the greatest common factor of 604528 and 432?
16
Calculate the highest common factor of 28 and 331030.
14
Calculate the highest common divisor of 63 and 106911.
63
What is the highest common factor of 805 and 371?
7
Calculate the greatest common divisor of 28 and 1345120.
28
What is the greatest common divisor of 4381 and 897?
13
What is the highest common divisor of 180 and 180300?
60
Calculate the greatest common factor of 15003 and 12.
3
Calculate the greatest common divisor of 1122 and 154.
22
Calculate the highest common factor of 2403 and 2592.
27
Calculate the greatest common divisor of 12 and 112092.
12
Calculate the greatest common divisor of 1984075 and 475.
475
Calculate the highest common divisor of 3770 and 318565.
1885
Calculate the greatest common divisor of 5094 and 54.
18
What is the highest common factor of 57189 and 33?
33
Calculate the greatest common divisor of 2024429 and 22.
11
What is the highest common factor of 12582 and 1566?
54
Calculate the highest common factor of 304014 and 92.
46
What is the greatest common divisor of 990 and 53145?
45
Calculate the highest common divisor of 3377272 and 584.
584
What is the highest common divisor of 2325 and 30783?
93
What is the highest common divisor of 47814 and 156?
78
What is the highest common factor of 295608 and 6?
6
Calculate the highest common factor of 89984 and 3040.
608
What is the highest common divisor of 7698 and 762?
6
What is the highest common factor of 168110 and 15?
5
Calculate the grea